t k = 1 - 11. What are the prime factors of (-11)/(-2) - (-5)/k?
5
Suppose -5*j - 134 = -854. What are the prime factors of j?
2, 3
Suppose -30 = -2*f - f. Let b = f + -33. Let u = 35 + b. What are the prime factors of u?
2, 3
Suppose -2*j + 3*x = -19, 0 = -0*j + 5*j + 5*x - 60. Let k = -8 + j. Suppose -7 = -k*r - l, -r + 6*r - 3*l = 7. What are the prime factors of r?
2
Suppose 2*l = -0*l + 14. Let q = -7 - -10. Suppose 5*r - q = l. What are the prime factors of r?
2
Let b(q) = 1 - 3*q**3 + 2*q**2 + q**3 - 3*q**2 - 5*q**3. List the prime factors of b(-1).
7
Suppose 0 = -3*q - 5 + 14. What are the prime factors of q?
3
Let o(f) = -5*f - 5. List the prime factors of o(-8).
5, 7
Suppose -2*q = -0*q - 10. Suppose -k + 22 = -n, 4*k + 7*n - 64 = 3*n. Suppose -6 = -q*d + k. List the prime factors of d.
5
Let g = -1 - 0. Let c = 6 + g. What are the prime factors of c?
5
Suppose 5*j - 2*p = 115, -23 = -j - p + 3*p. What are the prime factors of j?
23
Let l(f) = -3*f**2 + 8*f + 7. Let a(u) = -u**2 + 1. Let b(j) = 4*a(j) - l(j). What are the prime factors of b(-6)?
3
Suppose 0*z - 3*z + 5*c + 74 = 0, 5*z = -2*c + 144. Suppose -d + z = d. What are the prime factors of d?
2, 7
Let r(n) = 10*n**2 - 2*n - 1. Let k be r(-2). Suppose 5*x - 2 = k. Let a = -6 + x. What are the prime factors of a?
3
Suppose 4*w + w + 20 = 0. What are the prime factors of (-3 - w)/((-2)/(-4))?
2
Let w be (-665)/(-15) + (-2)/(-3). Suppose 2*p - 2*g - w = -7*g, p - 2*g - 9 = 0. List the prime factors of p.
3, 5
Suppose 0 = 4*y + 7 + 5. Let v be 1/y + (-5)/3. Let k = v - -7. List the prime factors of k.
5
Suppose 0 = -d - 6 + 3. Let w = 0 - d. Let l(h) = 4*h. List the prime factors of l(w).
2, 3
Suppose -65 = -5*v - 5*p, 0 = -0*v + 2*v - 4*p - 2. List the prime factors of v.
3
Suppose 0 = g - f, g + 2*f + 2 = f. List the prime factors of (-31)/(-4) + g/(-4).
2
Let f = 153 - 81. Suppose -2*u - 3*w + 15 = -f, 0 = -w + 5. List the prime factors of u.
2, 3
Let b(c) = c**3 + c**2 - c - 1. Let z be b(-1). Suppose z*p + 21 = p. Let i = -13 + p. List the prime factors of i.
2
Let n = 58 + -40. What are the prime factors of n?
2, 3
Let x be 5*3*(-2)/(-10). Suppose -10 = 5*c, -5*a = -0*c + x*c - 19. Suppose 2*k - 11 = -2*g + 7*k, -g + 3*k + a = 0. What are the prime factors of g?
2
Let q be 5 + 2*(-1 - 0). What are the prime factors of (-9)/((-3)/12*q)?
2, 3
Let p(q) = -1. Let j(f) = 4*f - 2. Let s(i) = j(i) + 2*p(i). List the prime factors of s(8).
2, 7
Suppose -5*z = -7*z + 14. What are the prime factors of z?
7
List the prime factors of (-4)/(-12) - (-968)/12.
3
Let f(m) = m**2 - 5*m - 6. Let y be f(6). Let w = -3 + y. What are the prime factors of ((-24)/2)/(w/2)?
2
Let i be (100/(-6))/5*-3. Let t = i - 9. What are the prime factors of 2 - (0 + t) - -22?
23
Suppose -4*y - 21 - 7 = 0. Let a(w) = -3*w + 10. Let g be a(y). Suppose -h = -4*b + g, -3*b + h - 4 = -26. List the prime factors of b.
3
Let f be 1 - (1 - -1) - -17. Suppose 7*g - 3*g - f = 0. What are the prime factors of g?
2
Let s(q) be the first derivative of 2*q**2 + q + 1. What are the prime factors of s(2)?
3
Suppose -44*b + 147 = -41*b. List the prime factors of b.
7
Let s(z) = z - 1. Let a(q) = -6. Let i(h) = -a(h) + s(h). What are the prime factors of i(-3)?
2
Suppose -12*r = -7*r - 1660. List the prime factors of r.
2, 83
Let n(k) = k**3 + 10*k**2 - 2*k + 12. Let t be n(-10). Suppose 0 = -h - 3*h + t. List the prime factors of h.
2
Let q(u) = 8*u**2 + 3*u - 19. List the prime factors of q(4).
11
Let u = 11 - 6. Suppose -4*m + u*v = -0*v - 111, 5*v = -m + 9. What are the prime factors of m?
2, 3
Suppose -f - f = -24. Suppose 0*o - f = -4*o. Let n = 14 - o. What are the prime factors of n?
11
Suppose -317 = -5*s + 113. List the prime factors of s.
2, 43
Suppose 184 + 248 = 2*n. Suppose q = -c - 28, 4*q - n = 5*c - 40. Let d = 47 + c. What are the prime factors of d?
3, 5
Suppose 0 = 2*x - x - 12. Suppose -s - b - 9 = 2*b, -2*s = 2*b + 2. Suppose -2*i = -0*m + 3*m - x, -5*m - s*i + 20 = 0. List the prime factors of m.
2
Let t(s) = -3*s - 2. Suppose 16 = -2*a - 2*a, -x + a = -2. What are the prime factors of t(x)?
2
Let n(v) = -v**3 + 8*v**2 + 13*v - 1. Let h(u) = u**3 - 7*u**2 - 14*u + 2. Let f(r) = -4*h(r) - 5*n(r). List the prime factors of f(13).
7
Suppose -3 = -3*w + 2*w. Let x be 2/4*2 - -3. Suppose -w*k - i = 4*i - 26, -x = 2*i. What are the prime factors of k?
2, 3
Let d = 7 + -5. Suppose -2 - 4 = d*b. List the prime factors of (0 - -3)*(-22)/b.
2, 11
Let p(v) be the third derivative of 3*v**4/8 + v**3/6 - 2*v**2. List the prime factors of p(1).
2, 5
Let x(k) = 2*k + 8. Let q be x(-6). Let j = 1 - q. What are the prime factors of j?
5
Suppose 4*o - 135 = 5. What are the prime factors of o?
5, 7
Let w(h) = 6*h**2 + 4*h + 17. List the prime factors of w(-6).
11, 19
Let k(l) = l**3 + 4*l**2 - 6*l - 1. What are the prime factors of k(-5)?
2
Let b(g) be the third derivative of -g**6/360 + g**5/15 - g**4/8 - g**3/3 + g**2. Let f(z) be the first derivative of b(z). What are the prime factors of f(5)?
2, 3
Let f(z) = 3*z - 15. Suppose -k = -y - 11, -3*k - 13 = 5*y - 46. List the prime factors of f(k).
2, 3
Let r = -55 + 95. Suppose 5*o - 9*o + r = 0. What are the prime factors of o?
2, 5
Let j(k) = -k**2 + 7*k + 2. Let w be j(7). Suppose -s + w*q = -11, 2*s - 8 - 14 = -5*q. What are the prime factors of s?
11
Let d be (-7)/(-2) - (-6)/4. Suppose 0 = d*i + 22 - 182. List the prime factors of i.
2
Let d(r) = -r**2 - 8*r - 6. Let b be d(-7). Let m be b - -4*(-2)/(-4). Suppose m*y - 5*y + 46 = 0. List the prime factors of y.
23
Let k = 26 + -6. Let p = k - 10. What are the prime factors of p?
2, 5
Suppose l + 0*l = -5*f + 67, 0 = 3*f. What are the prime factors of l?
67
Suppose 4*b + 59 - 211 = 0. List the prime factors of b.
2, 19
Let d(m) = m**3 + m**2 - 3. What are the prime factors of d(3)?
3, 11
What are the prime factors of (-8 - 2)/((-8)/4)?
5
Suppose -3*i = -0*i. Let u be i + (-1 - 3)/2. What are the prime factors of 1 - -11 - u/(-1)?
2, 5
Suppose o - 5*z - 29 = 0, 2*o - 58 = -2*z - z. Suppose -71 = -5*x + o. List the prime factors of x.
2, 5
Suppose 30 + 290 = 5*b - 4*c, -5*b = c - 320. What are the prime factors of b?
2
Suppose 5 = 2*k + 3*r - 4*r, 5*r - 27 = -3*k. Suppose -m = -3, k*t + 2*m = 3*t + 8. List the prime factors of (-33)/t*10/(-15).
11
Let f(c) be the second derivative of -5/12*c**4 + 0 + 1/20*c**5 - 2/3*c**3 + 3*c - 3*c**2. List the prime factors of f(6).
2, 3
Let k(p) = 54*p**2 + 3*p - 2. List the prime factors of k(1).
5, 11
Let z = 114 + -74. What are the prime factors of (0 - z)*1/(-2)?
2, 5
Suppose 74 = 4*g - 98. What are the prime factors of g?
43
Suppose 3*x = -x - 3*k + 88, 0 = -x + 3*k + 37. What are the prime factors of x?
5
Let y = 43 - -113. What are the prime factors of y?
2, 3, 13
Suppose 3*d = k - 2 - 2, 46 = 5*k - 2*d. Suppose u - k = -4*u, -26 = -4*o + 5*u. What are the prime factors of o?
3
Suppose 8*l - 4*l - 120 = 0. Suppose -l - 45 = -5*k. What are the prime factors of k?
3, 5
Let t(u) = -6*u + 1. Let n(v) = 3*v - 1. Let x(p) = 11*n(p) + 6*t(p). Let w(k) = k - 13. Let h be w(7). List the prime factors of x(h).
13
Let o be 6/((-29)/9 - -3). Let m = -9 - o. Let p = m + -9. What are the prime factors of p?
3
Let z(l) = l - 13. Let k be z(10). Suppose -4*s = 4*r - 60, -2*s = 5*r - 38 + 8. Let m = s + k. List the prime factors of m.
2, 3
Let g(x) = -x**3 + 5*x**2 + 6*x + 2. Let q be g(6). List the prime factors of 3*((-4)/q + 3).
3
Let b(o) = -o**3 - 18*o**2 - 23*o + 4. List the prime factors of b(-17).
2, 53
Let l(c) = 29*c - 13. List the prime factors of l(10).
277
What are the prime factors of (-8)/10*55/(-22)?
2
Suppose 0 = -s - 5*m + 18, 4*s - s - 30 = -3*m. Let c = s - 3. Suppose -c*h = 0, 4*r - 16 = -0*h + 4*h. List the prime factors of r.
2
Let b be 0/3*(4 + -3). Suppose b*m + 60 = 4*m. What are the prime factors of m?
3, 5
Let q(d) = 147*d - d**3 - 147*d - 4*d**2 + 5. List the prime factors of q(-5).
2, 3, 5
Suppose -s + 5*u + 23 = 0, 0*s + 2*s + 4*u - 4 = 0. Suppose 5*r - 27 = s. What are the prime factors of r?
7
Let o = 19 + -12. Suppose -5*j = -4*q + 2 - 0, -q = 2*j - o. Suppose -j*n + 4 = -n. What are the prime factors of n?
2
Let t(d) be the first derivative of d**3/3 + d*